j - 13. Let p be k(8). Give a(p).
-5
Let s(i) = 2*i - 10. Let w(f) = -f**3 + 2*f + 3. Let p be w(-2). Suppose p*h = 6*h + 3. Suppose 2*c = 5*v + c - 39, h*v - 17 = -c. Determine s(v).
4
Let v(q) be the second derivative of q**5/20 + q**4/4 - 5*q**3/6 - 3*q**2 - 2*q - 18. Suppose 3*x = 6*n - 5*n - 9, -4*x + 4*n = 4. Calculate v(x).
-2
Let z(w) = w**3 - w - 1. Let u(v) = -v**3 - 3*v**2 + 6*v + 2. Let d(t) = u(t) + 3*z(t). What is d(1)?
1
Let n be 1/(-2)*0*(-7)/(-49). Let c(j) = j**2 - j - 1. Determine c(n).
-1
Let c = 25 + 37. Let d = -54 + c. Let x(l) = l**2 - 8*l + 10. Determine x(d).
10
Let n(s) = s**3 + 3*s**2 + 4*s + 2. Let h(p) = 6*p**2 - 5*p + 3. Let d be h(3). Let l = d - 44. What is n(l)?
-2
Let g(o) = o**3 - 10*o**2 + 6*o - 4. Let d = -2167 + 2171. Give g(d).
-76
Let z(b) = -b - 1. Let l(q) = -q**2 - 5*q - 5. Let u(k) = -l(k) + 5*z(k). Let g be ((-5)/(-2))/1*(-1056)/(-1320). Give u(g).
4
Let w be 4/26 - (-1 - (-210)/13). Let u be (w/25)/(1/(-10)). Let f(y) = y - 5. Determine f(u).
1
Let j(u) = u**2 - 7*u - 4. Let c = -29 + 32. Suppose 0 = -g - c*g. Suppose 5*d + g = 35. Determine j(d).
-4
Let q(z) = z - 2. Let t(b) = -2*b + 4. Let s(d) = 5*q(d) + 2*t(d). Let v be (-1)/((8/(-6))/4). Suppose -2*i = -3*j - 15, -2*j - 2*i + v = i. Give s(j).
-5
Let z(a) be the first derivative of -a**5/20 - 7*a**4/12 - a**3/3 + 9*a**2/2 - 25*a - 4. Let d(f) be the first derivative of z(f). What is d(-7)?
23
Let u(g) = 0*g**3 + 2*g**2 + g**2 + g**3. Let y be 6 - (-3)/(-6)*36/2. Give u(y).
0
Let u(p) = -p**3 + 8*p**2 - p + 10. Let b(o) = o**3 - 9*o**2 + o - 11. Let i(s) = 3*b(s) + 4*u(s). Suppose -58*j = -38*j - 100. Give i(j).
2
Let v(a) = -2*a - 1. Let p = -660 + 658. Give v(p).
3
Let u(l) be the first derivative of -l**4/4 - 11*l**3/3 - 4*l**2 + 14*l + 1. Let g(h) = h**2 - 28*h - 10. Let z be g(0). What is u(z)?
-6
Let y(h) = -31*h**2 - 6*h + 5. Let v(d) = -3*d**2 - d + 1. Let l(g) = 6*v(g) - y(g). Suppose 0 = 5*f - 4*k + 11, -12 = f - 5*k + 7. Calculate l(f).
14
Let f be 0 + 3 - (1 + 0). Suppose -2*h = 5*a - a - 12, -4*a = -f*h - 28. Let j(x) = x**3 - 5*x**2 - x - 5. Determine j(a).
-10
Let l(i) = i + 4. Suppose 3*f - 7*f = -3*p + 9, -f - 3*p + 9 = 0. Determine l(f).
4
Suppose 2*t + 5*j = -12, t - 2*j + 5 = -4*j. Let c(d) be the first derivative of 14*d**3/3 + d**2/2 - 1056. Give c(t).
13
Let f = 115 + -103. Suppose 30 = -f*t + 7*t. Let s(x) = -x**3 + x - 4*x**2 + 0*x**2 + 5 - 2*x**2. Determine s(t).
-1
Let y(m) = -9*m**3 - 2*m - 1. Suppose 42 = -4*g + 2*s, -2*g = 3*s - 0*s + 9. Let b be g/6*(-2)/(-3). Determine y(b).
10
Let t(n) be the first derivative of n**2/2 + 7*n + 26. What is t(-5)?
2
Let r be -1 - (0 - -6)/2. Let n(q) be the first derivative of q**4/4 + q**3 - 3*q**2/2 + q - 33. Let i be n(r). Let s(w) = -4*w. Determine s(i).
12
Suppose 0 = n + n + 4*g - 38, 31 = n - 4*g. Suppose -4*c = -5*y - 26, -4*y + y = 5*c + n. Let a(w) = -2*w + 7. Determine a(y).
19
Let c = 17 + -12. Suppose -v = -5*u + 7, -3 = -3*v + u - 24. Let t = c + v. Let w(j) = -2*j - 1. Determine w(t).
3
Let q(c) be the second derivative of c**5/4 - c**4/12 + c**2/2 + 11*c. Let v = -50 - -49. What is q(v)?
-5
Let t(j) = -j**3 + 3*j**2 + 4*j + 1. Suppose 3*d - 18 = 3*r, -r + 0 - 10 = -2*d. Suppose d*k + 2*z = 45 - 19, 5*k = -z + 25. Calculate t(k).
1
Suppose 7*p - 20 = 3*p. Let y(w) = -w**2 + 5*w - 2. Determine y(p).
-2
Let m(w) be the third derivative of 3*w**4/8 + w**3/6 - w**2. Suppose 18*u = -35*u - 106. Give m(u).
-17
Let k be 65/30 + 0 + (-1)/6. Let v(t) be the second derivative of 1/4*t**5 + 3*t + 0 - 1/12*t**4 + 1/2*t**k + 0*t**3. Give v(1).
5
Suppose -385*a = -381*a - 8. Let l(p) = 2*p - 3. Calculate l(a).
1
Suppose u - 4 - 2 = 0. Let x(r) be the first derivative of r**2 - 7. Determine x(u).
12
Let z(m) = -m + 2. Let x be z(-10). Suppose c + 3 - 5 = 0, x = n + 4*c. Suppose 5*b + d = 13, 2*d = b - 3 - n. Let i(p) = p + 2. Give i(b).
5
Let v(j) = -2*j - 4. Let u be -8*((-18)/8)/3. Let b be 14*(3 + (-15)/u). Determine v(b).
-18
Let a = 108 + -103. Let c(r) be the third derivative of -6*r**2 - 1/6*r**4 + 1/60*r**5 - 1/3*r**3 + 0 + 0*r. Calculate c(a).
3
Let f(u) = 3799*u**3 - 71*u + 69*u - 3798*u**3 - 3*u**2 - 6 + 6*u**2. Let s(p) = -4*p. Let r be s(1). What is f(r)?
-14
Let x(h) be the second derivative of -h**3/3 - h**2/2 + 83*h - 1. Determine x(-2).
3
Let c(i) = i + 4. Suppose -18*m + 24 = -66. Give c(m).
9
Let b(u) = -3*u + 1. Let f(r) = -7*r**2 - 53*r - 64. Let a be f(-6). Give b(a).
-5
Let b(f) = 932 + f - 1850 + 930. Give b(-6).
6
Let y = -390 + 391. Let n(c) = 18*c**2 + c. What is n(y)?
19
Suppose l + 19 = -3*h, 5*l + 1 = -2*h - 3. Let s(f) be the third derivative of -f**4/24 + f**3/6 + 460*f**2. Determine s(h).
8
Let h(o) be the first derivative of o**2/2 + 8. Suppose 25*i = 27*i + 4. Let w(a) = -2*a + 2. Let y be w(i). Calculate h(y).
6
Let d be -3 + -1 + (11 + 1)/(-12). Let i(u) = -3*u - 22. What is i(d)?
-7
Let o(h) = h + h - 3*h - 7. Suppose 3*t - 29 = 2*k, -2*t + 6*t = -3*k - 18. Let j be 364/(-65) + 4/k. Calculate o(j).
-1
Let t = -150 + 165. Let o(x) = -x + 12. What is o(t)?
-3
Let x(y) = -y**3 - 8*y**2 - 8*y. Suppose 0 = -3*z - 2*v - 19, 2*z + 21*v = 17*v - 10. Give x(z).
7
Let g(z) = -z - 2. Let n = -80 + 81. Suppose 14 = 5*m - n. What is g(m)?
-5
Suppose 2*c - 16 = -3*s, -3*c - 4*s + 20 = -c. Let q = -5 + c. Let t(w) = -4*w - 4*w + 3*w + 3*w. Give t(q).
6
Let k(b) = 4*b + 72. Let a(u) = -2*u - 35. Let y(f) = 13*a(f) + 6*k(f). Give y(-10).
-3
Let o(j) be the first derivative of -j**4/4 + 2*j**3/3 - j**2 + j + 3. Let a = 20 - 41. Let f be (-6)/(-9) - 7/a. Give o(f).
0
Let z(q) be the second derivative of -q**3/6 - 3*q**2 - q - 119. Give z(-21).
15
Let z = 118 + -112. Let f(s) = -s**3 + 7*s**2 - 5*s - 8. Determine f(z).
-2
Let v(t) = -t**3 + 12*t**2 - 21*t + 14. Let u be v(10). Let c(w) = w**2 + w + 1. Let l(h) = 3*h**2 - 6*h + 11. Let g(k) = u*c(k) - l(k). Determine g(-10).
-7
Suppose -2*m - 15 = p, -2*m = -5*p - 19 + 28. Let r(c) = -5 - 6*c - 2*c**3 + 6*c**2 + 3*c**3 + 0 + 0*c**2. Calculate r(m).
-12
Let j(k) = k**2 + k + 1. Let o(t) = 4*t - 2*t + 6*t + 2*t**2 + 6 - t. Let f(v) = -5*j(v) + o(v). Calculate f(2).
-7
Let l(g) be the second derivative of -7/6*g**3 + 0 - 3*g**2 - 7*g + 1/12*g**4. What is l(7)?
-6
Let z(w) be the first derivative of -w**3/3 - w + 3. Let a(q) be the first derivative of -q**3/3 + 3*q**2/2 - q + 2. Let b be a(3). What is z(b)?
-2
Let r(v) = -2*v + 1. Let i(t) = -3*t + 2. Let z(a) = 3*i(a) - 4*r(a). Suppose -5*o - 12 = -9*o. Determine z(o).
-1
Suppose -41*t = -454 - 79. Let z(o) = -o + 6. Give z(t).
-7
Let q(u) be the second derivative of u**5/10 - u**4/6 - u**3/3 + u**2 - 170*u. Calculate q(2).
6
Let q = -42 + 54. Suppose -q*d + 2*d + 10 = 0. Let w(f) = 6*f**3 + 2*f**2 - f. Determine w(d).
7
Let w(m) = -348*m + 115*m + 118*m - 6 + 117*m. Suppose 3*t - 3 = a, 3*a = -5*t + 4*t + 21. What is w(a)?
6
Let p be (14*1 - -1)*1. Let u = -9 + p. Let n(s) = -s + 0*s - 3*s + 5*s - 8. What is n(u)?
-2
Suppose -3*u + 4 = -11. Let s(f) = -f**2 + 8*f - 7. Determine s(u).
8
Let g(k) = -k**2 + 6. Suppose -2*n - 14 = -0*n. Let r = 11 + n. Let w be r/6 - 10/15. Determine g(w).
6
Let f(t) be the first derivative of -t**3/3 + 4*t**2 - 8*t - 58. Let a be 74/14 + (-2)/7. Let u be 0 - 5/(a/(-6)). Calculate f(u).
4
Let p be (-4 + -2 + 2)*1. Let j(y) = 5*y - 3. Let i(z) = -6*z + 4. Let k(g) = p*j(g) - 3*i(g). Calculate k(-1).
2
Let a(n) be the third derivative of -1/3*n**3 + 1/60*n**5 + 0 + 1/12*n**4 + 0*n + 14*n**2. Give a(2).
6
Let q(f) be the third derivative of f**5/60 - 5*f**4/12 + 7*f**2 - 5*f. Calculate q(5).
-25
Let t(r) = r**3 + 5*r**2 - 4*r + 13. Let q be t(-6). Let l(b) = 2*b - 2*b - b + q + 77*b**2 - 69*b**2. Determine l(1).
8
Let x be (-108)/180 - 6/15. Let j(r) = -3*r**3 + 2*r**2 - r - 2. What is j(x)?
4
Let g(d) be the second derivative of d**4/12 + 2*d**2 - 3*d. Let b(y) = 4*y**2 + y + 12. Let z(q) = 2*b(q) - 7*g(q). Let s be (-3)/4 - (-18)/(-8). Give z(s).
-1
Let y(b) = 2*b - 8 - 11 - 3*b + 6 - 1. What is y(-9)?
-5
Suppose -s = -0*v + 2*v + 28, -3*v - 31 = -4*s. Let z = -8 - v. Suppose -3*q - 12 = 0, 0 = z*c - 2*q + 3*q + 34. Let t(x) = -x + 1. Determine t(c).
7
Suppose 183 = 5*n + 58. Suppose -5*i + 20 = -2*z, -2*i - 3*i + 3*z + n = 0. Let